(-22 - -12).
-15
Evaluate -18 - (24 + -2 + -19).
-21
What is 4 - (-97 - -100 - (7 + 1))?
9
Evaluate -24 - ((-6 + 11 - 13) + 4).
-20
Calculate (-65 - -98) + -7 + -1.
25
Evaluate -2 - 7 - (2 + -2 - (-30 + 32)).
-7
Calculate (13 - (11 + 3)) + -2.
-3
What is the value of 2 + -3 + 0 - -2?
1
Evaluate 2 - (-7 + -3) - 8.
4
Evaluate -3 + (-5 + -1 - -15 - 1).
5
Evaluate 0 + 2 - -2 - (149 - 147).
2
(-27 - -28 - (-1 + 2 - 0)) + 1
1
Calculate 0 + 29 + (33 + -37 - (-2 + -14)).
41
What is (2 - -5) + 0 + (2 - 0)?
9
Calculate -129 + 146 - (5 - 10 - -9).
13
-11 + -14 + 27 + 5
7
(-8 - (-7 - (13 + -14))) + 0 + -1
-3
Calculate 25 + (15 - (39 + -21)).
22
Evaluate (-16 - -111 - 37) + -34.
24
Evaluate -2 + -27 - (-19 + 15 + (0 - 5)).
-20
Evaluate 2 + (12 + 0 - (-60 + 86)).
-12
Evaluate (-3 - (-8 - (2 + (3 - 9)))) + -10.
-9
What is the value of (-8 - (14 - 4 - 11)) + 8 + 0?
1
What is the value of (-292 - -297) + (0 + -1 - -2)?
6
What is the value of 4 - ((-17 - (-2 - -2)) + (2 - -4))?
15
Calculate -1 + -4 - (-10 + (10 - 6) - -1).
0
15 - 8 - (4 - -9 - 17)
11
(15 - 22) + 8 - (-8 + -1 + 2)
8
Calculate 3 + 0 - (1 - (-37 - -19) - 12).
-4
Evaluate 0 - (-19 - (-16 + 2)).
5
-30 - (-43 + 0) - 38
-25
Evaluate 12 + (-31 - -46) + -6.
21
Evaluate 19 - (17 - (9 - (-14 - 7))).
32
Evaluate -5 + (-2 + -5 - -2) + (-11 - -7).
-14
Calculate (17 - 3) + (3 - (-11 + 17)).
11
Calculate -364 + 364 + 2 + 25.
27
What is the value of (3 - -1 - (381 - 379)) + 19?
21
What is 1 + 3 - (7 - (5 + -3)) - 2?
-3
-3 - -27 - (17 + 6 + -9)
10
What is the value of -2 + (-32 + 18 - -37)?
21
Evaluate 4 + -14 + 4 + (-1 - -4) + 7.
4
Evaluate 780 + -776 + (1 - -1) - (7 - 1).
0
What is the value of -340 + 340 - (0 - 0 - -7)?
-7
18 + (-27 - -11) - -16
18
-5 + (-1 + 2 + -2 - -5)
-1
Calculate 36 + -21 + -5 + 11.
21
What is 14 - (18 + (-21 - -15))?
2
What is the value of (-1 - -8) + (-323 - -326)?
10
-4 - (-1 + 6 + -3 - 5)
-1
What is 24 + -12 - 19 - -19?
12
Calculate 0 + 1 + 22 - (-1 + -21 - -30).
15
Evaluate (1 + -2 - -9) + (-163 - -157).
2
What is the value of 4 + -2 + (6 - -1) + -3 + -11?
-5
What is the value of -25 + -1 - (12 + (10 + -35 - -6))?
-19
What is the value of -3 + (-2 - (6 + -4 - 1))?
-6
What is the value of 5 + -1 - (1 + 13)?
-10
What is -9 + (-14 + 0 - 0) + 23?
0
Calculate -43 + 39 - 2 - -31.
25
Evaluate -14 + 12 + -36 - -43.
5
What is the value of -1 + -3 + -11 - -14?
-1
What is 0 - (15 - (1 + 15) - 11)?
12
Calculate 7 + 4 + 11 + -10.
12
Evaluate (-5 - -8) + 0 + (124 - 111).
16
Evaluate -10 - ((29 - 33) + (-2 - -5)).
-9
What is the value of (-13 - (-2 - -3 - 3)) + 20?
9
What is (-52 - -58) + (1 - 2 - 0) + -14?
-9
-7 - (-27 - ((0 - 7) + 9 + -8))
14
What is (1 - (5 + -8 + 9)) + 1?
-4
Evaluate 12 + 4 + (4 - (-4 + 17)).
7
-1 + 7 + -16 - (31 + -22)
-19
What is 8 - -2 - (11 - -7) - (-4 + 2)?
-6
Evaluate 2 + -13 + (-4 - -4) + 2 + 3.
-6
What is (-2 + 0 - 0) + -1006 + 1014?
6
What is the value of (-21 + 4 - -5) + -33 + 50?
5
What is the value of (11 - -10) + (1 - (5 + 1))?
16
-18 + 11 + -11 + (-6 - 1) + 3
-22
What is the value of 0 + -2 - (35 - 49)?
12
What is the value of 9 - 9 - (1 + -4 + 3 + 1)?
-1
What is 1 + (-42 - -33) - ((-22 - 0) + -1)?
15
Calculate 1 + (0 - (-10 + 11)).
0
What is the value of (-17 - -36) + (2 + -1 - (27 - 31))?
24
What is -17 + (-8 - -1 - -3 - (1 + 3))?
-25
(-8 - ((6 - 4) + -6)) + 14 + -24
-14
What is the value of (17 - 1) + 2 + 37 + -61?
-6
What is -3 - -7 - (-5 + 48 - 1) - -9?
-29
What is (0 - 9) + 13 + (-18 - 2)?
-16
-13 - ((-18 - -11) + -2)
-4
-105 + 124 + -39 + 6
-14
Evaluate -1064 + 1077 - (26 - 0).
-13
What is the value of -3 + -21 + (-2 - -4) - (-1 - 4)?
-17
Evaluate 5 - (0 + (9 - 6)).
2
Calculate (-14 - (-16 - -9)) + 1 - (1 - -2).
-9
-6 - ((-9 - 1) + 13 + 1 + -18)
8
What is -6 - (-19 + 25 + -2)?
-10
Evaluate 1 + (-32 - -68) - 48.
-11
What is -36 - -38 - (1 - -10)?
-9
What is the value of 9 + 10 + -7 - 10?
2
What is 11 + 5 + (-6 - -8) + -5?
13
Evaluate (-1 - (-7 - -5)) + 1 + -2.
0
What is the value of -8 + -1 - (-25 - (-50 - -30))?
-4
10 + (-9 - -5) + 6 + -5 + 1
8
What is the value of 10 - (0 - (1 - 12)) - (2 - 0)?
-3
Evaluate 9 - (-19 + 4 - (25 + -35)).
14
Evaluate -14 + 5 + 74 + -40.
25
-2 + -9 - (1 - -1 - (7 - -1))
-5
Evaluate (-25 + 20 - (-1 + -5) - 8) + -7.
-14
Calculate -19 - ((0 - -20) + -26).
-13
What is (-12 - (-3 + -7)) + -5?
-7
Evaluate 67 - 54 - (-1 + 26).
-12
(-5 - (-5 + -3)) + 9
12
Evaluate 1 + (9 - 9 - -6) + 5.
12
7 - 0 - (-90 + 98) - -9
8
What is the value of 6 + (-146 + 129 - (-8 - -1))?
-4
(-20 - (2 + -3)) + -34 + 30
-23
What is the value of 4 - 2 - (-12 - (3 + -4 + 4))?
17
Calculate 0 - -72 - (-848 - -887).
33
Calculate -8 - (14 - 6) - (1 + -10 + 11).
-18
What is (-1 - 16) + -12 + (1 - -6)?
-22
What is the value of -105 + 145 - (2 + -2 + 17)?
23
-23 + -2 + 39 + -33
-19
What is 15 + (-30 + 14 - -17)?
16
Evaluate 10 + -3 + (16 - 17).
6
Evaluate 1 - 0 - 11 - -5 - -15.
10
Calculate -28 - (-1 + 2 - (-2 - 2 - -16)).
-17
What is (208 + -108 - 98) + 1 + 32?
35
15 - (-12 - (-8 + -7))
12
(-2 - (-8 + 4)) + -49 + 35
-12
What is (-20 - (25 + -35)) + 1 + 24?
15
Calculate (-22 - (5 + (12 - 11) + -4)) + -11.
-35
(15 - (33 + -14 + -4)) + 18 + 1
19
What is -16 + 10 - (-4 + 13 + 3 - 0)?
-18
What is the value of -7 + -4 + (106 - 110)?
-15
What is -2 - -2 - (-2 + -14 + -9 + 1)?
24
What is the value of 3 + (-2 - (-6 - -3)) - (-39 + 37)?
6
Calculate (-2 - -4) + (-18 + 7 - -10).
1
(1 - (12 - 11)) + -11 + -12
-23
What is the value of (-9 - ((-8 - 1) + 6)) + -1?
-7
Evaluate (29 - (17 - -25)) + (-6 - 1).
-20
What is the value of (13 - 35) + (8 + -5 - -5)?
-14
What is the value of 1 + -4 + 4 - ((19 - 5) + 2)?
-15
(-4 - -8) + (-11 - (12 - 27))
8
What is (14 - 3) + (2 - (14 - 9 - 3))?
11
What is 979 + -987 + (-1 - -2)?
-7
Calculate 9 + (-21 + -4 - -24) + (-7 - -3).
4
-12 + (15 - 2) - 3 - (1 + -3)
0
Evaluate 2 + -1 - (8 + 4 + -4 + 3).
-10
What is (2 + 6 - (-5 - -45 - 29)) + 25?
22
Evaluate (5 - -2) + -5 - (7 - 2) - 4.
-7
-8 + -9 + 46 - 12
17
What is the value of 15 + (-6 - (9 - 12))?
12
15 - 14 - 15 - 2 - 8
-24
Evaluate -11 - 11 - (23 + -62).
17
What is -2 + (7 - 2) + (9 - 1)?
11
-4 + ((2 - 7) + 5 - (-6 + 4))
-2
Calculate 22 - ((9 - -12) + 16).
-15
What is -1 + -1 - -2 - (-494 - -513)?
-19
Calculate -1 + -5 + -6 - (-9 + -6).
3
What is 7 + (-4 - -10) - 10?
3
-21 - 10 - (-8 - 28)
5
-29 - (9 - (3 + 20))
-15
What is the value of 10 + 3 + -7 - -3?
9
Evaluate 893 + -882 + (-19 - -1 - 2).
-9
What is the value of -11 + (-11 - -13) + -8?
-17
Evaluate -5 - (-8 - -2 - 3 - (-265 + 258)).
-3
What is the value of 31 + -42 + (-5 - -30) + -3?
11
-45 + -2 + 60 - (-2 - -1)
14
What is the value of (-10 - (-20 + -7)) + -30?
-13
Evaluate (3 - 5) + -2 + 0 + (-6 - -35).
25
What is the value of -1 - 6 - (-3 + -3 + -7 + -1)?
7
What is (40 - 8) + (8 - 44)?
-4
Evaluate (1 + 11 - -2) + 16 + -10 + -7.
13
Evaluate (-28 - (-19 - 9)) + -6.
-6
What is -43 + 38 - (-1 - -3)?
-7
52 + 32 + -57 + -4 + -4
19
What is the value of -8 + -3 + 2 + (-12 - -4)?
-17
Evaluate -19 - (-14 - 18) - 16.
-3
What is 19 - (-23 + (-30 - -64))?
8
Calculate -2 - (2 - (-5 + -1 + 8)).
-2
-10 - (11 - (10 + 1 - (-5 + 6)))
-11
Calculate 6 + (-3 - 12) + 1.
-8
Calculate 12 + -24 + 10 + 10 - (1 + 2).
5
What is -5 - ((288 - 282) + 0 + 0 + 0)?
-11
Evaluate 0 - (12 - (-2 - (5 - 13))).
-6
-3 + -15 + 13 - 7
-12
3 + -13 + 7 + -13
-16
What is the value of 2 + (-13 - (4 + (-1 - 2)) - 5)?
-17
What is -18 + (13 - 12 - -12)?
-5
-4 + (-14 - (-9 + 7))
-16
(10 + 5 + -11 - 11) + -13
-20
Evaluate 58 - 61 - (4 + -12 + 0).
5
(-13 - -28) + -10 + 2 + -5 + 2
4
21 + (-44 - -74 - 72)
-21
Calculate 2 - 2 - (16 + (-4 - 12)).
0
What is 9 - ((-1 - -4) + (-29 - -19 - -6))?
10
34 - (11 - -11 - -2)
10
Evaluate (-22 - 0) + (-108 - -122).
-8
What is the value of 270 - 253 - (-15 - (-3 - -3))?
32
What is the value of 1 + 4 + -2 + 18 + -15 + 2?
8
Evaluate (-2 - (-3 - ((3 - 7) + 4))) + 1.
2
What is the value of -7 + -5 + (-3 - -12 - 30)?
-33
Evaluate -2 - (7 + (-11 - 7) + 0 + 14).
-5
What is -13 + (15 + 7 - 15) + 0 + 32?
26
(-6 - 2 - -2) + -11 + 9 + 23
15
Calculate (18 + -18 - -4) + -3.
1
What is the value of 38 - (-15 + 15 + 15 + -7)?
30
-1 - 4 - (3 + -13)
5
What is the value of (-8 - (-7 + 5) - -6 - 7) + 3?
-4
What is -11 - ((-2 - 0) + (54 - 55))?
-8
Calculate -19 + 28 + 12 - 10.
